{"id":34,"date":"2015-08-10T09:37:56","date_gmt":"2015-08-10T08:37:56","guid":{"rendered":"http:\/\/ateliers.nomades.ch\/~megevent\/wordpress_2015\/?page_id=34"},"modified":"2017-02-22T20:53:00","modified_gmt":"2017-02-22T19:53:00","slug":"le-materiel-de-lassociation","status":"publish","type":"page","link":"https:\/\/www.easywake.ch\/?page_id=34","title":{"rendered":"Le Materiel"},"content":{"rendered":"<p><strong>EasyWake<\/strong> a re\u00e7u de nouvelles planches, passez les essayer et donnez nous votre avis.<\/p>\n<p>&nbsp;<\/p>\n<p><strong>EasyWake<\/strong> poss\u00e8de l\u2019exp\u00e9rience et le savoir-faire indispensable \u00e0 une bonne pratique de ce sport \u00e0 sensation.<\/p>\n<p>&nbsp;<\/p>\n<p>Disposant d\u2019un \u00e9quipement de derni\u00e8re g\u00e9n\u00e9ration, <strong>EasyWake<\/strong> fournit des prestations \u00e0 la hauteur de ses engagements. Optimal!<\/p>\n","protected":false},"excerpt":{"rendered":"<p>EasyWake a re\u00e7u de nouvelles planches, passez les essayer et donnez nous votre avis. &nbsp; EasyWake poss\u00e8de l\u2019exp\u00e9rience et le [&hellip;]<\/p>\n","protected":false},"author":1,"featured_media":302,"parent":0,"menu_order":0,"comment_status":"open","ping_status":"open","template":"page_personnalise_V2.php","meta":{"footnotes":""},"class_list":["post-34","page","type-page","status-publish","has-post-thumbnail","hentry"],"_links":{"self":[{"href":"https:\/\/www.easywake.ch\/index.php?rest_route=\/wp\/v2\/pages\/34","targetHints":{"allow":["GET"]}}],"collection":[{"href":"https:\/\/www.easywake.ch\/index.php?rest_route=\/wp\/v2\/pages"}],"about":[{"href":"https:\/\/www.easywake.ch\/index.php?rest_route=\/wp\/v2\/types\/page"}],"author":[{"embeddable":true,"href":"https:\/\/www.easywake.ch\/index.php?rest_route=\/wp\/v2\/users\/1"}],"replies":[{"embeddable":true,"href":"https:\/\/www.easywake.ch\/index.php?rest_route=%2Fwp%2Fv2%2Fcomments&post=34"}],"version-history":[{"count":7,"href":"https:\/\/www.easywake.ch\/index.php?rest_route=\/wp\/v2\/pages\/34\/revisions"}],"predecessor-version":[{"id":755,"href":"https:\/\/www.easywake.ch\/index.php?rest_route=\/wp\/v2\/pages\/34\/revisions\/755"}],"wp:featuredmedia":[{"embeddable":true,"href":"https:\/\/www.easywake.ch\/index.php?rest_route=\/wp\/v2\/media\/302"}],"wp:attachment":[{"href":"https:\/\/www.easywake.ch\/index.php?rest_route=%2Fwp%2Fv2%2Fmedia&parent=34"}],"curies":[{"name":"wp","href":"https:\/\/api.w.org\/{rel}","templated":true}]}}